{"id":22,"date":"2025-05-05T16:07:46","date_gmt":"2025-05-05T16:07:46","guid":{"rendered":"https:\/\/fundaciongrillos.net\/escuelagrillitossinfonicos\/?page_id=22"},"modified":"2025-05-28T19:32:20","modified_gmt":"2025-05-28T22:32:20","slug":"contacto","status":"publish","type":"page","link":"https:\/\/fundaciongrillos.net\/escuelagrillosinfonicos\/contacto\/","title":{"rendered":"Contacto"},"content":{"rendered":"<p style=\"text-align: justify;\"><span style=\"font-family: helvetica, arial, sans-serif; font-size: 14pt;\">En <strong data-start=\"262\" data-end=\"286\">Grillitos Sinf\u00f3nicos<\/strong> creemos en el valor del encuentro y el di\u00e1logo. Si quer\u00e9s conocer m\u00e1s sobre nuestras actividades, inscribir a un ni\u00f1o o ni\u00f1a, sumarte a alg\u00fan proyecto, proponer una colaboraci\u00f3n o simplemente pasar a visitarnos\u2026 <strong data-start=\"499\" data-end=\"525\">\u00a1te estamos esperando!<\/strong><\/span><\/p>\n<p style=\"text-align: justify;\"><span style=\"font-family: helvetica, arial, sans-serif; font-size: 14pt;\">Pod\u00e9s acercarte personalmente a nuestras sedes, escribirnos o llamarnos. Siempre habr\u00e1 alguien dispuesto a escucharte y orientarte.<\/span><\/p>\n<h3 style=\"text-align: justify;\" data-start=\"660\" data-end=\"685\"><span style=\"font-family: helvetica, arial, sans-serif; color: #333300;\">\ud83c\udfe0 <strong data-start=\"667\" data-end=\"685\">Nuestras sedes<\/strong><\/span><\/h3>\n<ul>\n<li style=\"text-align: justify;\"><span style=\"font-family: helvetica, arial, sans-serif; color: #993366; font-size: 14pt;\"><strong data-start=\"686\" data-end=\"724\">Sede Principal \u2013 Fundaci\u00f3n Grillos<\/strong><\/span><br data-start=\"724\" data-end=\"727\" \/><span style=\"font-family: helvetica, arial, sans-serif; font-size: 14pt;\">\ud83d\udccc Comandante Mi\u00f1o 2418, Posadas, Misiones, Argentina<\/span><\/li>\n<li style=\"text-align: justify;\"><span style=\"font-family: helvetica, arial, sans-serif; color: #993366; font-size: 14pt;\"><strong data-start=\"782\" data-end=\"800\">Sede Educativa<\/strong><\/span><br data-start=\"800\" data-end=\"803\" \/><span style=\"font-family: helvetica, arial, sans-serif; font-size: 14pt;\">\ud83d\udccc Av. Tambor de Tacuar\u00ed 3916 (entre Tom\u00e1s Guido y San Mart\u00edn)<\/span><\/li>\n<\/ul>\n<h3 style=\"text-align: justify;\" data-start=\"867\" data-end=\"894\"><span style=\"font-family: helvetica, arial, sans-serif; color: #333300;\">\ud83d\udcf1 <strong data-start=\"874\" data-end=\"894\">Contacto directo<\/strong><\/span><\/h3>\n<p style=\"text-align: justify;\"><span style=\"font-family: helvetica, arial, sans-serif; font-size: 14pt;\">Tel\u00e9fono \/ WhatsApp: <strong data-start=\"916\" data-end=\"938\">+54 9 376 529-8574<\/strong><\/span><br data-start=\"938\" data-end=\"941\" \/><span style=\"font-family: helvetica, arial, sans-serif; font-size: 14pt;\">Sitio web: <a class=\"\" href=\"http:\/\/www.fundaciongrillos.net\" target=\"_new\" rel=\"noopener\" data-start=\"1002\" data-end=\"1061\">www.fundaciongrillos.net<\/a><\/span><\/p>\n<p style=\"text-align: center;\"><span style=\"font-family: helvetica, arial, sans-serif; font-size: 14pt;\">\u00a1Te esperamos en Grillos!<\/span><\/p>\n<p><img loading=\"lazy\" decoding=\"async\" class=\"aligncenter wp-image-464 size-full\" src=\"https:\/\/fundaciongrillos.net\/escuelagrillosinfonicos\/wp-content\/uploads\/2025\/05\/Captura-de-pantalla-2025-05-05-150804.png\" alt=\"Avenida Tambor de Tacuar\u00ed 3916\" width=\"675\" height=\"379\" srcset=\"https:\/\/fundaciongrillos.net\/escuelagrillosinfonicos\/wp-content\/uploads\/2025\/05\/Captura-de-pantalla-2025-05-05-150804.png 675w, https:\/\/fundaciongrillos.net\/escuelagrillosinfonicos\/wp-content\/uploads\/2025\/05\/Captura-de-pantalla-2025-05-05-150804-300x168.png 300w\" sizes=\"auto, (max-width: 675px) 100vw, 675px\" \/><\/p>\n<hr \/>\n<h3 style=\"text-align: justify;\" data-start=\"133\" data-end=\"156\"><span style=\"font-family: helvetica, arial, sans-serif;\">\ud83d\udcde <strong data-start=\"139\" data-end=\"156\">Get in Touch!<\/strong><\/span><\/h3>\n<p style=\"text-align: justify;\" data-start=\"158\" data-end=\"409\"><span style=\"font-family: helvetica, arial, sans-serif; font-size: 14pt;\">At <strong data-start=\"161\" data-end=\"185\">Grillitos Sinf\u00f3nicos<\/strong>, we believe in the power of connection and dialogue. If you\u2019d like to learn more about our activities, enroll a child, join a project, suggest a collaboration, or simply stop by for a visit \u2014 <strong data-start=\"378\" data-end=\"409\">we\u2019d love to hear from you!<\/strong><\/span><\/p>\n<p style=\"text-align: justify;\" data-start=\"411\" data-end=\"537\"><span style=\"font-family: helvetica, arial, sans-serif; font-size: 14pt;\">You\u2019re welcome to visit us in person, give us a call, or send a message. There will always be someone here to listen and help.<\/span><\/p>\n<p style=\"text-align: justify;\" data-start=\"539\" data-end=\"563\"><span style=\"font-family: helvetica, arial, sans-serif; color: #333300; font-size: 14pt;\">\ud83c\udfe0 <strong data-start=\"546\" data-end=\"563\">Our Locations<\/strong><\/span><\/p>\n<ul>\n<li style=\"text-align: justify;\" data-start=\"564\" data-end=\"662\"><span style=\"font-family: helvetica, arial, sans-serif; color: #993366; font-size: 14pt;\"><strong data-start=\"564\" data-end=\"606\">Main Headquarters \u2013 Grillos Foundation<\/strong><\/span><br data-start=\"606\" data-end=\"609\" \/><span style=\"font-family: helvetica, arial, sans-serif; font-size: 14pt;\">\ud83d\udccc Comandante Mi\u00f1o 2418, Posadas, Misiones, Argentina<\/span><\/li>\n<li style=\"text-align: justify;\" data-start=\"664\" data-end=\"759\"><span style=\"font-family: helvetica, arial, sans-serif; color: #993366; font-size: 14pt;\"><strong data-start=\"664\" data-end=\"686\">Educational Center<\/strong><\/span><br data-start=\"686\" data-end=\"689\" \/><span style=\"font-family: helvetica, arial, sans-serif; font-size: 14pt;\">\ud83d\udccc Avenida Tambor de Tacuar\u00ed 3916 (between Tom\u00e1s Guido and San Mart\u00edn)<\/span><\/li>\n<\/ul>\n<p style=\"text-align: justify;\" data-start=\"761\" data-end=\"786\"><span style=\"font-family: helvetica, arial, sans-serif; color: #333300; font-size: 14pt;\">\ud83d\udcf1 <strong data-start=\"768\" data-end=\"786\">Direct Contact<\/strong><\/span><\/p>\n<p style=\"text-align: justify;\" data-start=\"787\" data-end=\"898\"><span style=\"font-family: helvetica, arial, sans-serif; font-size: 14pt;\">Phone \/ WhatsApp: <strong data-start=\"805\" data-end=\"827\">+54 9 376 529-8574<\/strong><\/span><br data-start=\"827\" data-end=\"830\" \/><span style=\"font-family: helvetica, arial, sans-serif; font-size: 14pt;\">Website: <a class=\"\" href=\"http:\/\/www.fundaciongrillos.net\" target=\"_new\" rel=\"noopener\" data-start=\"839\" data-end=\"898\">www.fundaciongrillos.net<\/a><\/span><\/p>\n<p style=\"text-align: center;\"><span style=\"font-family: helvetica, arial, sans-serif;\">We look forward to welcoming you to Grillos!<\/span><\/p>\n","protected":false},"excerpt":{"rendered":"<p>En Grillitos Sinf\u00f3nicos creemos en el valor del encuentro y el di\u00e1logo. Si quer\u00e9s conocer m\u00e1s sobre nuestras actividades, inscribir a un ni\u00f1o o ni\u00f1a, sumarte a alg\u00fan proyecto, proponer una colaboraci\u00f3n o simplemente pasar a visitarnos\u2026 \u00a1te estamos esperando! Pod\u00e9s acercarte personalmente a nuestras sedes, escribirnos o llamarnos. Siempre habr\u00e1 alguien dispuesto a escucharte [&hellip;]<\/p>\n","protected":false},"author":1,"featured_media":0,"parent":0,"menu_order":0,"comment_status":"closed","ping_status":"closed","template":"","meta":{"footnotes":""},"class_list":["post-22","page","type-page","status-publish","hentry","entry"],"_links":{"self":[{"href":"https:\/\/fundaciongrillos.net\/escuelagrillosinfonicos\/wp-json\/wp\/v2\/pages\/22","targetHints":{"allow":["GET"]}}],"collection":[{"href":"https:\/\/fundaciongrillos.net\/escuelagrillosinfonicos\/wp-json\/wp\/v2\/pages"}],"about":[{"href":"https:\/\/fundaciongrillos.net\/escuelagrillosinfonicos\/wp-json\/wp\/v2\/types\/page"}],"author":[{"embeddable":true,"href":"https:\/\/fundaciongrillos.net\/escuelagrillosinfonicos\/wp-json\/wp\/v2\/users\/1"}],"replies":[{"embeddable":true,"href":"https:\/\/fundaciongrillos.net\/escuelagrillosinfonicos\/wp-json\/wp\/v2\/comments?post=22"}],"version-history":[{"count":16,"href":"https:\/\/fundaciongrillos.net\/escuelagrillosinfonicos\/wp-json\/wp\/v2\/pages\/22\/revisions"}],"predecessor-version":[{"id":551,"href":"https:\/\/fundaciongrillos.net\/escuelagrillosinfonicos\/wp-json\/wp\/v2\/pages\/22\/revisions\/551"}],"wp:attachment":[{"href":"https:\/\/fundaciongrillos.net\/escuelagrillosinfonicos\/wp-json\/wp\/v2\/media?parent=22"}],"curies":[{"name":"wp","href":"https:\/\/api.w.org\/{rel}","templated":true}]}}